
False
Is 81204 a multiple of 202?
True
Does 208 divide 1279200?
True
Is 124 a factor of 43028?
True
Does 77 divide 61476?
False
Is 473 a factor of 8967134?
True
Is 28148 even?
True
Does 103 divide 1434366?
False
Is 104 a factor of 3302333?
False
Is 22 a factor of 76494?
True
Is 25 a factor of 36625?
True
Is 11715224 a multiple of 16?
False
Does 58 divide 1560887?
False
Is 80864 a multiple of 38?
True
Does 574 divide 187864?
False
Does 21 divide 1968414?
True
Is 1241 a factor of 12319795?
False
Does 15 divide 2165974?
False
Is 106431 a multiple of 2?
False
Does 231 divide 752598?
True
Is 795 a factor of 286995?
True
Is 11127050 a multiple of 1847?
False
Is 16 a factor of 5357456?
True
Does 2 divide 8234?
True
Is 79617 a multiple of 4?
False
Is 11 a factor of 1656742?
False
Does 170 divide 5619350?
True
Is 28 a factor of 328468?
True
Is 403296 a multiple of 12?
True
Is 9 a factor of 1716286?
False
Does 51 divide 1680042?
True
Does 21 divide 68887?
False
Is 149 a factor of 546848?
False
Is 36703 a multiple of 110?
False
Does 351 divide 14646750?
False
Is 32 a factor of 4292459?
False
Is 57 a factor of 369134?
False
Is 50512 a multiple of 41?
True
Is 71604 a multiple of 162?
True
Does 16 divide 162960?
True
Does 13 divide 544089?
True
Is 81 a factor of 6210?
False
Is 6553088 a multiple of 387?
False
Does 326 divide 9658?
False
Is 841792 a multiple of 41?
False
Is 3034666 a multiple of 104?
False
Is 18 a factor of 158969?
False
Does 39 divide 1895975?
False
Is 21 a factor of 11953851?
True
Does 395 divide 5092735?
True
Is 19485450 a multiple of 795?
True
Is 5 a factor of 15425?
True
Is 557981 a multiple of 10?
False
Is 23710348 a multiple of 236?
False
Does 24 divide 1535614?
False
Is 274232 a multiple of 29?
False
Is 335448 a multiple of 12?
True
Is 33 a factor of 39030?
False
Does 264 divide 1572954?
False
Does 24 divide 149976?
True
Is 388962 a multiple of 18?
True
Is 191 a factor of 729429?
True
Is 32 a factor of 120620?
False
Does 3 divide 95274?
True
Is 282240 a multiple of 24?
True
Is 445369 a multiple of 379?
False
Is 622116 a multiple of 11?
True
Is 9 a factor of 675432?
True
Is 2 a factor of 359663?
False
Is 185 a factor of 865800?
True
Does 62 divide 836256?
True
Does 289 divide 2254754?
False
Does 148 divide 348836?
True
Is 5 a factor of 2930?
True
Is 8 a factor of 11977089?
False
Is 1350700 a multiple of 279?
False
Is 510 a factor of 172890?
True
Does 20 divide 124985?
False
Does 158 divide 1108460?
False
Is 468 a factor of 1032876?
True
Is 189 a factor of 69363?
True
Does 275 divide 1699500?
True
Does 1282 divide 14284700?
False
Is 177552 a multiple of 12?
True
Is 2 a factor of 324285?
False
Does 92 divide 943618?
False
Is 48880 a multiple of 20?
True
Is 99 a factor of 21087?
True
Does 24 divide 566232?
True
Is 716 a factor of 624236?
False
Is 31984 a multiple of 31?
False
Is 79606 a multiple of 95?
False
Is 4348692 a multiple of 161?
False
Does 9 divide 866049?
False
Is 16 a factor of 1169792?
True
Does 12 divide 1479268?
False
Is 886 a factor of 8181324?
True
Is 13 a factor of 203978?
False
Does 1653 divide 15275950?
False
Is 73 a factor of 46574?
True
Is 4116524 a multiple of 329?
False
Is 241 a factor of 5182883?
False
Does 73 divide 8794888?
False
Is 6 a factor of 79266?
True
Does 405 divide 192780?
True
Does 1189 divide 4375520?
True
Is 86310 a multiple of 3?
True
Is 3154 a multiple of 25?
False
Is 51 a factor of 763266?
True
Is 49650 even?
True
Does 25 divide 605849?
False
Does 206 divide 665401?
False
Does 74 divide 970738?
False
Does 14 divide 174655?
False
Is 2 a factor of 34912?
True
Is 49 a factor of 1331085?
True
Does 20 divide 423420?
True
Is 3305742 a multiple of 66?
True
Is 4 a factor of 171200?
True
Does 55 divide 35915?
True
Is 273 a factor of 9526608?
True
Is 1070370 a multiple of 126?
True
Is 3544455 a multiple of 19?
False
Is 73159 a multiple of 21?
False
Does 358 divide 754664?
True
Is 218 a factor of 7717506?
False
Is 19 a factor of 897973?
False
Is 14704 a multiple of 3?
False
Does 693 divide 24849594?
True
Does 219 divide 525819?
True
Is 25959502 a multiple of 35?
False
Is 1183773 a multiple of 479?
False
Is 12 a factor of 1321230?
False
Is 37 a factor of 345443?
False
Is 157770 a multiple of 12?
False
Does 140 divide 255080?
True
Is 63893 a multiple of 327?
False
Is 46 a factor of 1315874?
False
Does 14 divide 535388?
True
Does 40 divide 178617?
False
Is 74 a factor of 262780?
False
Is 34950 a multiple of 89?
False
Is 6501 a multiple of 19?
False
Is 9 a factor of 889913?
False
Is 24 a factor of 965160?
True
Does 14 divide 432815?
False
Is 8773900 a multiple of 1178?
False
Is 30 a factor of 56159?
False
Is 362172 a multiple of 58?
False
Does 492 divide 1702219?
False
Is 5154246 a multiple of 31?
True
Is 5483295 a multiple of 45?
True
Does 11 divide 241678?
False
Is 53131 a multiple of 27?
False
Is 6 a factor of 7066734?
True
Does 145 divide 18011175?
True
Is 5 a factor of 3403286?
False
Is 1058 a factor of 4845132?
False
Is 71 a factor of 7023564?
False
Does 420 divide 218296?
False
Does 21 divide 149494?
False
Is 10 a factor of 144929?
False
Does 171 divide 16436007?
True
Is 22 a factor of 24031359?
False
Does 323 divide 1729988?
True
Does 17 divide 88774?
True
Is 81 a factor of 5476?
False
Is 1185340 a multiple of 188?
True
Is 121362 a multiple of 26?
False
Is 1466734 even?
True
Is 172 a factor of 2351484?
False
Is 304355 a multiple of 11?
False
Is 30 a factor of 515400?
True
Is 14149 a multiple of 20?
False
Is 728291 a multiple of 92?
False
Is 2433314 a multiple of 403?
True
Is 75 a factor of 5346097?
False
Does 5 divide 46555?
True
Does 10 divide 128680?
True
Is 214449 a multiple of 35?
False
Is 1952199 a multiple of 43?
False
Does 544 divide 1233617?
False
Does 26 divide 14886?
False
Is 3907800 a multiple of 10?
True
Is 589 a factor of 176070?
False
Is 17 a factor of 1113137?
False
Does 9 divide 217780?
False
Is 54 a factor of 378?
True
Does 83 divide 1572859?
False
Is 80 a factor of 18911890?
False
Does 6 divide 30343?
False
Is 255397 a multiple of 660?
False
Is 399372 a multiple of 185?
False
Is 1438 a factor of 2534032?
False
Is 41 a factor of 685490?
False
Is 758544 a multiple of 16?
True
Does 14 divide 421626?
False
Is 4151816 a multiple of 500?
False
Does 44 divide 186296?
True
Is 142150 a multiple of 54?
False
Is 17 a factor of 2488970?
True
Is 659023 a multiple of 144?
False
Is 4922741 a multiple of 7?
False
Is 283885 a multiple of 396?
False
Is 775 a factor of 7133804?
False
Is 455130 a multiple of 48?
False
Is 1126125 a multiple of 63?
True
Does 14 divide 154051?
False
Is 1251 a factor of 1250258?
False
Does 123 divide 328287?
True
Is 34545 a multiple of 35?
True
Is 123 a factor of 193479?
True
Is 2292 a factor of 5087118?
False
Is 316 a factor of 700874?
False
Is 131502 a multiple of 8?
False
Does 761 divide 94364?
True
Is 10 a factor of 127760?
True
Does 223 divide 3449141?
True
Is 1783 a factor of 13650972?
False
Is 34 a factor of 78404?
True
Does 63 divide 879921?
True
Does 162 divide 331128?
True
Does 15 divide 51270?
True
Does 667 divide 2347173?
True
Is 60 a factor of 4495758?
False
Is 82 a factor of 4803883?
False
Is 11095533 a multiple of 866?
False
Does 620 divide 2898500?
True
Is 5975074 a multiple of 1211?
True
Is 23 a factor of 622966?
False
Is 113 a factor of 1169632?
False
Does 23 divide 9745656?
False
Does 68 divide 1233384?
True
Does 41 divide 408781?
False
Is 14638 a multiple of 4?
False
Is 11 a factor of 1345907?
False
Does 373 divide 1613798?
False
Does 37 divide 503099?
False
Does 50 divide 3456550?
True
Does 184 divide 8985232?
False
Is 410592 a multiple of 364?
True
Is 433634 a multiple of 42?
False
Is 132 a factor of 201828?
True
Is 979326 a multiple of 9?
True
Is 107 a factor of 9233565?
True
Is 67232 a multiple of 119?
False
Is 12 a factor of 8681756?
False
Does 19 divide 64942?
True
Is 3359693 a multiple of 107?
True
Does 16 divide 1338512?
True
Is 18048 a multiple of 282?
True
Is 5 a factor of 382663?
False
Is 16 a factor of 1203264?
True
Is 143420 a multiple of 517?
False
Is 3413010 a multiple of 10?
True
Is 55 a factor of 1804498?
False
Does 784 divide 1440208?
True
Does 3 divide 986034?
True
Does 216 divide 2247912?
True
Is 177 a factor of 7432230?
True
Is 11